eatest common divisor of s and 9?
9
Let i be -4 - ((-30)/6 - 69). What is the highest common divisor of i and 30?
10
Let r = 7 + -13. Let o(t) = t**2 + 5*t - 3. Let g be o(r). Calculate the highest common divisor of g and 3.
3
Suppose -18 = 2*p + 8. Let a(d) = d**3 + 12*d**2 - 16*d - 16. Let s be a(p). Calculate the highest common divisor of s and 115.
23
Suppose -2*q = 3*a + 26, 2*a + 2*a + 38 = -3*q. Let o be q/(-5) - (1 + -1). Let p = -14 + 20. Calculate the greatest common divisor of o and p.
2
Let r(p) = 5*p**2 + p - 2. Let d be r(2). Suppose 0*a = -2*a + 440. Calculate the greatest common factor of d and a.
20
Suppose -20*m + 14*m + 108 = 0. What is the highest common divisor of m and 30?
6
Suppose 2*l - 2*q = l + 3, 4*l + 4*q = 12. Let b be (6/(-4))/(l/(-48)). Calculate the highest common factor of 8 and b.
8
Let j(i) = -i**3 + 7*i**2 - 4*i - 7. Let t be j(6). Suppose 2*d - 4*d - t*v = -27, 2*d + 3 = v. Calculate the highest common divisor of 9 and d.
1
Let n be 4/10 - (-441)/35. Suppose 2*p = 4*p - 208. What is the highest common divisor of p and n?
13
Suppose 102 + 206 = 4*q. Let s = -37 + q. What is the greatest common factor of s and 16?
8
Suppose 3*k = -4*m + 693, 222 = 2*k + 5*m - 240. What is the greatest common divisor of k and 21?
21
Let d = 1 + 35. Calculate the greatest common divisor of d and 54.
18
Let o(l) be the third derivative of l**4/12 - 5*l**3/6 - 2*l**2. Let w be o(8). What is the greatest common divisor of w and 44?
11
Suppose 4*y - 3*y + 556 = 0. Let i = y - -289. Let g be i/(-12) + 2/(-8). What is the greatest common divisor of g and 2?
2
Let n be (-3)/(-2)*280/(-15). Suppose -4*d + 39 = 231. Let s = n - d. What is the highest common divisor of s and 10?
10
Let l = 2 - -4. Let u be (-3)/l + 22/4. Let s(y) = y**3 - 3*y**2 + 6*y. Let c be s(4). What is the greatest common factor of u and c?
5
Let l = 36 - 33. Suppose -j + 4 = -5. Calculate the greatest common divisor of l and j.
3
Let d(i) = -i**3 + 7*i**2 + i - 8. Let a be d(7). Let o be (66/(-7))/(a/7). Suppose -10 + o = 4*u. Calculate the highest common factor of 7 and u.
7
Let j(c) = -c**3 - c**2 + 3*c + 4. Let s be (4/(-6))/((-4)/(-24)). Let h be j(s). What is the greatest common divisor of h and 8?
8
Let g(b) = 13*b - 1. Let d be g(4). Let z = d - 76. Let y = z + 45. Calculate the highest common divisor of y and 50.
10
Let o be (-2)/4*10/1. Let g be (-2 - o) + 2*1. Calculate the greatest common divisor of g and 20.
5
Let r = 58 - 50. What is the highest common divisor of r and 8?
8
Let o be 77/(-7)*(-3)/1. What is the highest common factor of o and 22?
11
Let n = 6 + -1. Suppose -n*x + 36 = -3*x. Calculate the greatest common factor of x and 6.
6
Let c = 142 - 54. Calculate the greatest common factor of c and 8.
8
Suppose z - 4*t - 19 = 29, z - 58 = -t. Let p be 200/14 - 2/7. Calculate the highest common factor of z and p.
14
Suppose -3*m - 167 = 3*j - 5*j, -5*m = j - 103. Suppose 0 = 4*i - j + 20. Let l = i + 0. What is the highest common divisor of l and 85?
17
Let b be ((-48)/9 + 4)*3. Let v = b - -14. What is the greatest common divisor of 10 and v?
10
Suppose -8*w - 28 = -4*w. Let r(u) = -u**3 - 7*u**2 - 2*u + 7. Let l be r(w). What is the greatest common factor of l and 63?
21
Suppose 2*u - 523 = 4*z + 581, 5*z = 20. Suppose 0 = 3*t - u - 331. Calculate the highest common divisor of t and 27.
27
Let z = -3 + 6. Suppose 289 = -z*p + 4*x, 2*x - 3*x - 269 = 3*p. Let y = p - -155. Calculate the greatest common divisor of y and 8.
8
Let l(k) = 32*k - 9. Let f be l(1). Calculate the highest common factor of f and 23.
23
Suppose 2*d = -13 + 37. Calculate the greatest common factor of 48 and d.
12
Let m = -36 + 67. What is the greatest common factor of 124 and m?
31
Suppose 9 = 61*o - 60*o. Calculate the greatest common factor of o and 63.
9
Let a(j) = -2*j**2 - j + 6. Let w be a(6). Let o be 2/(-7) - w/7. What is the highest common divisor of o and 2?
2
Let g = 147 + -212. Let i = -17 - g. Calculate the greatest common divisor of i and 32.
16
Suppose 28 - 4 = 4*y. Suppose 4*f - y*f + 40 = 0. What is the highest common divisor of f and 50?
10
Suppose 4*d - 2*n - n - 2 = 0, 0 = -2*d + n. Let z = d + 3. Let c = -47 - -65. What is the highest common factor of z and c?
2
Let x(u) = -u**3 + 6*u**2 - 4*u - 1. Let k be x(5). Suppose k*d - z - 33 = 0, 3*d + 11 = 4*d - 3*z. Calculate the greatest common factor of 64 and d.
8
Let q = 7 - 35. Let f be (-116)/(-14) + 8/q. What is the greatest common divisor of 24 and f?
8
Let w(t) = -12*t**3 - t - 1. Let m be w(-1). Calculate the greatest common divisor of m and 12.
12
Let t be -3 - (9 + 0)*2. Let j be (-18)/(2 - (-45)/t). What is the greatest common factor of j and 14?
14
Let s = -368 - -520. Let k be 2*((-38)/(-4) - 0). Calculate the greatest common factor of k and s.
19
Suppose 15*i = -i + 704. Calculate the greatest common divisor of 308 and i.
44
Suppose -l = -5*l. Suppose 2*g - 40 + 14 = l. What is the greatest common factor of 52 and g?
13
Let m(u) = -4*u - 40. Let h be m(-13). What is the highest common divisor of h and 24?
12
Let a(m) = -m**3 - 6*m**2 - 8*m. Let o be (-28)/(-2)*(-5)/10. Let z be a(o). Calculate the greatest common factor of 42 and z.
21
Suppose -114 = -6*m - 12. Suppose 0 = -2*i + 23 + 11. Calculate the highest common factor of m and i.
17
Let s = -98 + 140. What is the greatest common factor of s and 6?
6
Suppose -s - f - 4 = -2, -2*f = 0. Let q = s - -2. Suppose q = -k + 3*j - 6, 0 = 3*k + 2*j - 17 - 20. What is the highest common divisor of 81 and k?
9
Let w(p) = p**2 + 42. Let x be w(0). Calculate the highest common factor of x and 105.
21
Suppose 0 = -0*i - i + 3. Suppose 0 = -4*r - 16, -3*r = 2*p + 76 + 16. Let d = -16 - p. Calculate the greatest common divisor of i and d.
3
Let o be 348/(-16)*8/3. Let p = 149 + o. Let m = -21 + 34. What is the greatest common factor of p and m?
13
Suppose 0 = -3*l + 5*n + 342, 0 = -l + 2*n + 49 + 64. Calculate the highest common divisor of l and 17.
17
Let g = 0 - 4. Let w be (6 - -18)*(-5)/g. Let k = 13 + -1. What is the highest common factor of w and k?
6
Let j = -78 + 134. What is the highest common divisor of j and 32?
8
Let o be 0/(0 - -1*2). Let g(v) = v - 3. Let w be g(o). Let i(m) = -6*m - 4. Let c be i(w). What is the highest common factor of 21 and c?
7
Let w(s) = s**3 - 4*s**2 - s - 5. Let r be (-2)/(-4) + 45/10. Let h be w(r). What is the greatest common factor of h and 105?
15
Let n be -4 + (-2*12)/(-2). Let s = 5 - 3. What is the highest common factor of s and n?
2
Let t(s) = -s**3 + 4*s**2 + 14*s - 1. Let f be t(-3). Calculate the highest common factor of f and 50.
10
Suppose 2*o - c = 132, o + c = 5*c + 66. Calculate the greatest common divisor of o and 99.
33
Suppose 0 = -6*j + j + 605. What is the highest common factor of 11 and j?
11
Suppose 5*x + 3*d + 4 = 12, -x + 5 = 4*d. Calculate the greatest common divisor of 11 and x.
1
Let a(o) = 21*o - 5. Let v be a(7). Suppose 2*h - v = -12. What is the highest common factor of 13 and h?
13
Let k be (1 - 0)*0/(-3). Let b(s) = -s**3 - s**2 + 3. Let u be b(k). Suppose 3*f - 3*y = 36 + 9, 52 = u*f + 4*y. What is the highest common factor of f and 80?
16
Let k be 8/12 + (-8)/(-6). Calculate the highest common factor of k and 2.
2
Let p be 10/(-6)*(15 - 18). Let u(x) be the third derivative of -7*x**4/12 - x**3/6 - 2*x**2. Let i be u(-4). What is the greatest common divisor of i and p?
5
Let l = -67 + 48. Let x be 3 + -4 + -5 + 1. Let s = x - l. Calculate the highest common factor of 56 and s.
14
Let c = 72 + -55. Calculate the highest common factor of c and 17.
17
Let u(t) = -t**2 - 9*t - 6. Let k be u(-7). Let i = k + 1. Calculate the greatest common divisor of i and 9.
9
Let q = 2 + -2. Suppose -2*t - h + 19 = 0, q = -3*t + 3*h - 2 + 35. What is the highest common factor of t and 30?
10
Let z be (-10)/(-1)*6/12. Suppose -4*o + 63 = -37. What is the highest common divisor of z and o?
5
Suppose 4*v - 81 = 15. Let z(y) = -14*y - 10. Let k be z(-5). Calculate the greatest common divisor of v and k.
12
Let s = -17 + 19. Suppose 4 - 1 = i. Suppose 2*z - 12 = d, 30 = i*z + s*z + 2*d. What is the highest common divisor of z and 2?
2
Suppose -2*a + 18 = -3*n - 104, -2*a + 98 = 3*n. What is the highest